hundreds digit of ((-25188)/(-57))/p + (-8)/(-76)?
4
Let x(o) = o - 3. Let s be x(6). Suppose -171 = -y + s*q + 177, 20 = -5*q. What is the units digit of y?
6
Suppose -48830 = -2*x - 2*n, -70*n = 2*x - 73*n - 48845. What is the tens digit of x?
1
Let l(m) = 15*m + 45. Let b be l(-11). Let w = b + 191. What is the units digit of w?
1
Let t(c) = 207*c**2 + 11*c - 26. Let f be t(4). Suppose 31*j - 16634 = f. What is the tens digit of j?
4
Let n be (28/(-8) - -3)*(-7 + -3). Suppose 2*t + 4*l - 3056 = -t, 5090 = n*t + 5*l. What is the hundreds digit of t?
0
What is the thousands digit of 46/253 + 322720/110?
2
Let z = 86071 + -58939. What is the ten thousands digit of z?
2
Suppose 6*h = 4*h - z + 1, -4*z = -4*h + 32. Suppose -3*l + 2*n - 6*n + 4721 = 0, -5*l + 7820 = -h*n. What is the thousands digit of l?
1
Let g be (0 + 4 + 26)*(-3)/(-2). Let b = 45 - g. Suppose 0 = 2*a + 2, b = -2*o - 3*a - 3 + 48. What is the tens digit of o?
2
Let g(m) = 2*m + 10. Let r be g(-5). Suppose -3*i + 4*x = -445, 5*i - 2*x - 765 = -r*x. Suppose -161 = -u + 4*c - c, u - c = i. What is the tens digit of u?
5
Let c(y) = y**3 + 5*y**2 - 4*y + 14. Let v be c(-6). Let i be (2/(-3))/(v/6). What is the tens digit of (-312)/(-30)*(-15)/i?
7
Suppose 45034 = 28*j - 180153 - 54645. What is the units digit of j?
4
Let j(l) = 62*l**2 - 48*l + 67. What is the units digit of j(17)?
9
Let y(t) = -59*t + 78. Let q be y(-9). Let o = -341 + q. What is the tens digit of o?
6
Let n be 19 + -17 + 6/2. Suppose -30*r = -27*r - 3. What is the units digit of (n - 1) + r/(3/9)?
7
Let m = 56835 - 4902. What is the thousands digit of m?
1
Let v = 139 - 141. Let u be (1 - (-3)/(-7 + 4))/v. Suppose -z - 2*c - 2*c + 286 = u, -2*z + c + 581 = 0. What is the tens digit of z?
9
Let c(m) = 323*m**2 - 274*m + 275. What is the units digit of c(1)?
4
Let c = -19123 - -27717. What is the tens digit of c?
9
Suppose -257 = -6*f - 53. Let n = 50 - f. What is the tens digit of n?
1
Suppose c = 4, 5*k - 138*c + 134*c = 46514. What is the tens digit of k?
0
Suppose -l - 97*o + 100*o + 43646 = 0, 0 = -3*l - 3*o + 131010. What is the thousands digit of l?
3
What is the units digit of 10/(1604/100 + -16)?
0
Let c = 151 + -91. Suppose c*z - 62*z + 4 = 0. Suppose 212 = h - 2*o, -z*h = -7*o + 9*o - 430. What is the tens digit of h?
1
Suppose -138572 = -5*a - 4*g, -2*a + 0*g = 2*g - 55426. What is the thousands digit of a?
7
Let k(i) = i**2 - 18*i - 42. Let t = -335 + 315. What is the tens digit of k(t)?
1
Let t be (3 - (-80)/(-30))/(4/(-144)). Let p(b) = b. Let x(i) = 2*i**2 + 20*i + 7. Let y(n) = -6*p(n) - x(n). What is the tens digit of y(t)?
1
Let y = 2627 - 120. What is the thousands digit of y?
2
Let i = 37067 + -20572. What is the hundreds digit of i?
4
Let x = 4 + 2. Let a(h) = -x*h - 2*h**2 - 27*h**3 + 2*h**3 + 4*h + 2 - 3. What is the hundreds digit of a(-2)?
1
Let j = 59169 + -31857. What is the thousands digit of j?
7
What is the tens digit of 2/24 + -24 + 2520572/48?
8
Suppose -89*t - 15 = -94*t. What is the hundreds digit of -4 + 3 - t - -446?
4
Let g be 8 + (2 - 1)*(3 - 2). What is the tens digit of g/(-15) + 21768/30?
2
Let o(z) = z + 25. Let l be o(-16). Let i(h) be the third derivative of h**5/30 - 13*h**4/24 + 5*h**3/2 + 2*h**2. What is the units digit of i(l)?
0
Let s = 403 + -403. What is the units digit of (-1)/(-1)*353 - (3 - s)?
0
Suppose 0 = 6*o + 25*o - 12152. Let m = 260 - -12. Let k = o - m. What is the units digit of k?
0
Let o = 18 + -17. Let i(m) = -7*m**2 + 2*m - 3. Let q be i(o). What is the units digit of ((-150)/3)/(4/q)?
0
Let n(y) = -11*y**3 + 2*y - 12. Let o be n(2). What is the tens digit of (2232/o)/(6/(-40))?
5
Let w(z) be the first derivative of 3*z + 172/3*z**3 - 3/2*z**2 + 28. What is the hundreds digit of w(1)?
1
Let a(h) = h**3 + 15*h**2 - 18*h - 32. Let r be a(-16). Suppose -82*q = -79*q - 15. Suppose l - 2*v = 131, l - q*v + v - 139 = r. What is the tens digit of l?
2
Suppose 118*l = 137*l - 65987 - 117876. What is the thousands digit of l?
9
Let q be (((-1140)/(-18))/19)/(2/6). Suppose 2*s + 0 = -3*p - 4, 13 = -3*s - p. What is the units digit of 10/(-4)*((-114)/q - s)?
6
Let y be 6/(-12)*(-2)/2*876. Let o be -273*((-6)/2 - -4). Let m = o + y. What is the tens digit of m?
6
Let m = 5 - 7. Let o(k) = -52*k + 76. Let z be o(22). What is the units digit of ((-3)/m + -2)/(6/z)?
9
Let d(g) = 193*g**2 - 13*g - 3. Let t be d(4). Let w = -2140 + t. What is the units digit of w?
3
Let f = 7655 + -6534. What is the units digit of f?
1
Let u(m) = 2*m + 1. Let c(h) = 44*h + 78. Let b(d) = c(d) - 3*u(d). What is the tens digit of b(14)?
0
Let a(t) = 2905*t + 606. What is the ten thousands digit of a(5)?
1
Suppose -3*y = -170*x + 166*x - 205169, -341927 = -5*y - 4*x. What is the hundreds digit of y?
3
Let v = 7 - -98. Suppose v*m - 990 = 100*m. What is the hundreds digit of m?
1
What is the tens digit of (-20)/12*-2086*3 + (-194)/97?
2
Let u(k) = -13*k**3 + 4*k**2 + 10*k - 12. Let r be u(5). Let c = 2491 + r. What is the hundreds digit of c?
0
Let g be (-4 - -1)*(5264/(-24))/(-14). Let m = g + 171. What is the tens digit of m?
2
Let w(k) = 4*k + 4. Let g be w(0). Let y be 1 + -1 + 389 - (-4)/g. Suppose n = -4*b + 320 + y, 0 = -5*b + 5*n + 875. What is the tens digit of b?
7
Let d(k) = k**3 + 10*k**2 - k. Let y be d(-10). Suppose -3*z - 2864 = -4*t, -3*t + y*z - 8*z + 2149 = 0. What is the tens digit of t?
1
Suppose -2*y - 4*m = -5 - 3, 0 = -3*y + 5*m - 10. Suppose y = 2*b + z - 949, 9*b - z - 955 = 7*b. What is the hundreds digit of b?
4
Let w = 4711 - -17411. What is the units digit of w?
2
Let v(l) = 364*l + 14373. What is the units digit of v(18)?
5
Let x = 16 + -18. Let u be 4/(1*4*x/(-52)). What is the tens digit of u + -9 + (-3)/1?
1
Let z(p) = -12*p - 7. Let l be z(-6). Let r = 76 - l. Suppose 17 = r*k - 5. What is the units digit of k?
2
Let w = 19996 + 13699. What is the hundreds digit of w?
6
Let q(c) = c**3 - 9*c**2 + 3*c + 14. Let g be (-180)/24*12/(-10). Let o be q(g). Let a = o - 36. What is the units digit of a?
5
Suppose 0 = 2*s + 12, 19*s = 5*b + 25*s - 779. What is the tens digit of b?
6
Let g = -59823 - -102438. What is the hundreds digit of g?
6
Suppose 685*x + 786864 = 370*x + 341*x. What is the thousands digit of x?
0
Suppose -4*p = -11*p + 77. Suppose p*g - 8660 = g. What is the tens digit of g?
6
Let l(d) = 8311*d - 2648. What is the units digit of l(8)?
0
Suppose 8*v = 37*v - 35264. What is the tens digit of v?
1
Let h(y) = -y - 2. Let p be h(2). Let g(v) = -v**2 + 8*v + 1. Let l(d) = -d**3 - 10*d**2 - 15*d - 12. Let q(a) = -g(a) - l(a). What is the tens digit of q(p)?
9
Let m(b) be the second derivative of -10*b**3/3 + 9*b**2/2 + 3*b. Let w(g) = -10*g + 4. Let j(s) = 3*m(s) - 5*w(s). What is the units digit of j(-3)?
7
Let q be (2239 - (-2 - 3)) + (-4 - -1). Let j = q - 1478. What is the tens digit of j?
6
Let b be ((-1)/3)/((-9)/189). Suppose -33 = -b*f - 5. What is the units digit of 19 + (f/2)/(-1)?
7
Suppose -76*n - 51*n + 2058864 = -68*n. What is the thousands digit of n?
4
Let f(g) = 688*g + 23. Let d be f(11). Suppose 9*l - 2263 = -d. What is the tens digit of -8 + 5 + (l + 0)/(-2)?
9
Suppose 88*f = 174*f - 136568. What is the tens digit of f?
8
Suppose 0 = 5*r - 20, 2*l + 6*r - 10*r = 7276. What is the thousands digit of l?
3
Let l = 33 - -21. Let r = l - 54. Suppose -9*b + 1189 - 181 = r. What is the tens digit of b?
1
Let x(u) = 348*u**2 - 69*u - 187. What is the tens digit of x(-7)?
4
Let x = 362 - 359. Suppose -2*j + 638 = -4*p, -6*j + x*p = -8*j + 638. What is the units digit of j?
9
Let i(c) = -4*c**3 + 4*c**2 - 22. Let k be i(-4). Let j = 488 - k. What is the hundreds digit of j?
1
What is the units digit of (-302508)/(-10) + 23 + (-2622)/115?
1
Let j = -2 - -2. Let p(s) = 62 - 73*s - 74*s + 148*s. What is the units digit of p(j)?
2
Let t(y) = -4*y - 25. Let d be t(-14). Suppose -d + 19 = -3*p. What is the tens digit of p/34 + (-2848)/(-68)?
4
What is the tens digit of 2012 - (-6)/(48/(-104))?
9
Let j(i) = 717*i**3 + 12*i**2 - 58*i - 29. What is the ten thousands digit of j(4)?
4
Suppose -l = -2*s + 724, -s - 724 = -3*s + 3*l. Let y = s - -339. What is the hundreds digit of y?
7
Suppose -60 = 26*v - 30*v. Let o be 108/v - (-20)/25. What is